9.
136
What is the remainder when 124916 is divided by 24928?
276
What is the remainder when 1891 is divided by 977?
914
Calculate the remainder when 719666 is divided by 359799.
68
Calculate the remainder when 381743 is divided by 765.
8
Calculate the remainder when 191905 is divided by 743.
211
What is the remainder when 5015550 is divided by 1671810?
120
What is the remainder when 360143 is divided by 2976?
47
What is the remainder when 230295 is divided by 4237?
1497
Calculate the remainder when 2834741 is divided by 46.
37
Calculate the remainder when 247233 is divided by 423.
201
Calculate the remainder when 189028 is divided by 4986.
4546
What is the remainder when 18927329 is divided by 1366?
33
Calculate the remainder when 337283267 is divided by 2514.
2513
What is the remainder when 2047373 is divided by 807?
14
What is the remainder when 142783 is divided by 33?
25
Calculate the remainder when 2751686 is divided by 1005.
1001
What is the remainder when 375325 is divided by 3753?
25
What is the remainder when 8347 is divided by 46?
21
What is the remainder when 17538778 is divided by 797?
793
Calculate the remainder when 12189 is divided by 141.
63
Calculate the remainder when 1050717 is divided by 88.
85
What is the remainder when 197415 is divided by 1980?
1395
Calculate the remainder when 1264620 is divided by 198.
192
What is the remainder when 6839 is divided by 3659?
3180
What is the remainder when 614543 is divided by 614528?
15
Calculate the remainder when 99855503 is divided by 504.
503
Calculate the remainder when 17727758 is divided by 1816.
1782
Calculate the remainder when 1367579 is divided by 177.
77
What is the remainder when 39118268 is divided by 119?
112
Calculate the remainder when 25197380 is divided by 11585.
5
What is the remainder when 7342433 is divided by 85377?
11
What is the remainder when 122955 is divided by 30731?
31
What is the remainder when 34593966 is divided by 221?
173
Calculate the remainder when 665360847 is divided by 21.
18
Calculate the remainder when 4991116 is divided by 1607.
1381
What is the remainder when 42878 is divided by 21268?
342
Calculate the remainder when 11250777 is divided by 135.
12
What is the remainder when 39832722 is divided by 398327?
22
Calculate the remainder when 4809839 is divided by 2045.
2044
What is the remainder when 20833 is divided by 6923?
64
What is the remainder when 13118716 is divided by 131?
114
Calculate the remainder when 188263424 is divided by 194086.
4
What is the remainder when 137469 is divided by 4276?
637
What is the remainder when 2638131 is divided by 85?
71
Calculate the remainder when 26765805 is divided by 10.
5
What is the remainder when 45174 is divided by 2277?
1911
What is the remainder when 266010 is divided by 132900?
210
Calculate the remainder when 4614533 is divided by 3018.
11
What is the remainder when 7166196 is divided by 2388732?
0
What is the remainder when 29059 is divided by 590?
149
What is the remainder when 44849307 is divided by 674?
673
Calculate the remainder when 97377486 is divided by 31.
7
Calculate the remainder when 97674834 is divided by 5140780.
14
What is the remainder when 64211 is divided by 5310?
491
What is the remainder when 4423682 is divided by 1708?
1670
Calculate the remainder when 620431 is divided by 32651.
62
What is the remainder when 953015 is divided by 10953?
104
What is the remainder when 1720508 is divided by 372?
8
Calculate the remainder when 761488 is divided by 84479.
1177
What is the remainder when 64281 is divided by 30007?
4267
What is the remainder when 86392492 is divided by 27?
25
Calculate the remainder when 27820083 is divided by 13910041.
1
Calculate the remainder when 3699474 is divided by 19.
3
Calculate the remainder when 1254973 is divided by 22.
5
Calculate the remainder when 405721 is divided by 67618.
13
Calculate the remainder when 376452 is divided by 94103.
40
Calculate the remainder when 5948339 is divided by 2974161.
17
What is the remainder when 3363199 is divided by 377?
359
Calculate the remainder when 41526619 is divided by 13842203.
10
Calculate the remainder when 28818935 is divided by 606.
605
What is the remainder when 8545332 is divided by 776846?
26
What is the remainder when 5816944 is divided by 1868?
1860
Calculate the remainder when 104115 is divided by 2488.
2107
What is the remainder when 121146 is divided by 55?
36
What is the remainder when 540950 is divided by 83?
39
What is the remainder when 310959 is divided by 77648?
367
What is the remainder when 114931023 is divided by 3591593?
47
Calculate the remainder when 11742 is divided by 1665.
87
What is the remainder when 1218703 is divided by 1218661?
42
What is the remainder when 234993 is divided by 18075?
18
What is the remainder when 396830 is divided by 622?
616
Calculate the remainder when 72861 is divided by 593.
515
Calculate the remainder when 4310592 is divided by 478943.
105
Calculate the remainder when 380923 is divided by 231.
4
Calculate the remainder when 1104634 is divided by 4152.
202
What is the remainder when 75684186 is divided by 7492?
2
Calculate the remainder when 30839583 is divided by 209793.
12
Calculate the remainder when 4294335 is divided by 1622.
901
What is the remainder when 2260168 is divided by 704?
328
Calculate the remainder when 427756 is divided by 876.
268
What is the remainder when 296673 is divided by 8476?
13
What is the remainder when 6011187 is divided by 1687?
406
Calculate the remainder when 23392527 is divided by 103.
94
Calculate the remainder when 12321910 is divided by 115158.
4
What is the remainder when 85919 is divided by 5724?
59
Calculate the remainder when 41080330 is divided by 31.
29
Calculate the remainder when 1536968 is divided by 33.
26
What is the remainder when 27421618 is divided by 471?
469
Calculate the remainder when 123763 is divided by 13618.
1201
What is the remainder when 7270323 is divided by 133?
11
What is the remainder when 6814153 is divided by 20902?
101
What is the remainder when 929893 is divided by 4349?
3556
Calculate the remainder when 319557 is divided by 421.
18
What is the remainder when 206320 is divided by 100761?
4798
Calculate the remainder when 442661 is divided by 221327.
7
Calculate the remainder when 4529 is divided by 555.
89
Calculate the remainder when 1361621 is divided by 340404.
5
What is the remainder when 97032 is divided by 10771?
93
Calculate the remainder when 899945 is divided by 112428.
521
Calculate the remainder when 32109 is divided by 721.
385
What is the remainder when 24634 is divided by 10913?
2808
What is the remainder when 50341 is divided by 25003?
335
What is the remainder when 77334 is divided by 15256?
1054
What is the remainder when 8012772 is divided by 1078?
1076
Calculate the remainder when 33364809 is divided by 140.
9
Calculate the remainder when 207053 is divided by 1294.
13
Calculate the remainder when 211798289 is divided by 42.
17
Calculate the remainder when 49491040 is divided by 967.
947
Calculate the remainder when 26300 is divided by 80.
60
What is the remainder when 3997905 is divided by 249865?
65
What is the remainder when 216738 is divided by 834?
732
What is the remainder when 291045 is divided by 2251?
666
Calculate the remainder when 8493216 is divided by 11.
6
What is the remainder when 6619 is divided by 6413?
206
Calculate the remainder when 29392 is divided by 14576.
240
What is the remainder when 108990309 is divided by 1990?
1989
Calculate the remainder when 187887719 is divided by 178.
175
Calculate the remainder when 13856646 is divided by 481.
479
Calculate the remainder when 517509 is divided by 2465.
2324
What is the remainder when 2270 is divided by 350?
170
What is the remainder when 13984 is divided by 4625?
109
What is the remainder when 222224 is divided by 110717?
790
Calculate the remainder when 5924725 is divided by 951.
946
What is the remainder when 419004 is divided by 5662?
16
What is the remainder when 12330730 is divided by 3085?
3070
What is the remainder when 27174923 is divided by 137?
14
What is the remainder when 606428 is divided by 18?
8
Calculate the remainder when 1297641 is divided by 324.
21
Calculate the remainder when 3